t q be c(7). Suppose 4*a = -q - 2. Is 1/a*-4*257 composite?
False
Suppose 2*w + w - 48 = 0. Suppose -w + 6 = 5*t. Is t/(-1)*437/2 a prime number?
False
Let n(d) = 12*d**2 + 25*d - 24. Is n(-35) a composite number?
True
Let d(q) = 3*q**2 + 23*q + 2. Let i be d(-8). Is 4/(108/5379) + i/(-45) composite?
False
Let j be ((-44)/6)/((-1)/3). Let l be 4/3*3 + (-2 - -29). Let w = j + l. Is w prime?
True
Suppose -f = 734 - 3361. Suppose 4*i - 5*b - 11557 = -1049, 5*b = i - f. Is i a prime number?
False
Suppose 2*o - 6781 = 23*w - 26*w, 2*o + 2*w - 6780 = 0. Is o composite?
False
Let p = 13 + 7. Is 78865/p - 1/4 a composite number?
False
Let z be 175*(-6)/12*2*-1. Let y = z + 236. Is y a composite number?
True
Let y = 59730 - 35221. Is y a prime number?
True
Is 9 + (-40)/2 - -12852 prime?
True
Suppose 27198 = -0*k + 2*k - 2*a, 4*k + 2*a - 54372 = 0. Is k a composite number?
True
Suppose i = 3*i - 412. Suppose -5*b = -3*b - i. Is b composite?
False
Let y = -71 + 86. Is ((-7882)/3)/((-10)/y) composite?
True
Let l(x) be the first derivative of -1/3*x**3 + 4 + 7/4*x**4 - 3/2*x**2 + x. Is l(2) a prime number?
True
Suppose 72*y - 73*y = -335. Is y a prime number?
False
Suppose 336560 = 4*q + 3*s, 30*s - 420735 = -5*q + 35*s. Is q a prime number?
True
Suppose t - 74 = -t - 5*n, 0 = 4*t + 3*n - 120. Let c be (4/(-6))/((-6)/t). Suppose -3*j = -2*l - 923, c*j - 208 = 4*l + 717. Is j a prime number?
True
Let w be -1 + 747/6*(-3 - -1). Let q = w - -891. Is q composite?
False
Suppose 0 = -4*y + 24 - 32. Let b(p) = 9*p - 2. Let r be b(5). Is r/(2*(-1)/y) a prime number?
True
Is (-246180)/(-198) + -1 + 2/3 a prime number?
False
Let f(b) = 76825*b**3 - 2*b**2 - 22*b + 22. Is f(1) a composite number?
True
Let j be (-2)/7 - 272/(-119). Suppose 0 = j*q - 8*q + 1266. Is q composite?
False
Let v(u) = 6*u**2 - u + 21. Is v(8) composite?
False
Suppose 4*x + 2*b - 3613 = 5*b, 3*x - 2726 = -b. Is x a prime number?
True
Suppose -1919*v - 27662 = -1921*v. Is v composite?
False
Suppose 0*b + 2*b = -36. Is (-6)/(-27) + (-3650)/b prime?
False
Let x(k) = 32*k**2 - 3*k - 12. Let u be x(10). Let j = u - 1173. Is j composite?
True
Suppose -41*h = -37*h - 20. Suppose -4*d + 6343 = h*n, 9*d + 1286 = n + 4*d. Is n a prime number?
False
Let q be 2972 + 180/(-50) + 2/(-5). Let r = 205 + q. Is r prime?
False
Suppose -49145 = 61*t - 66*t. Is t a prime number?
True
Let u be 51 + 3*(-3 + 2). Let h be 156/u - (-2)/(-8). Suppose -h*n = -8 - 25. Is n a composite number?
False
Suppose -9*z + 16247 = 2*z. Is z a composite number?
True
Let y(v) = 3*v**2. Let t be y(1). Suppose -8 = -t*x - x. Suppose -x*f + 3*h = -141 - 22, -4*h + 336 = 4*f. Is f a prime number?
True
Let i = 2406 + -1007. Is i a composite number?
False
Suppose 3*q + 0*q = -3. Let i be 10 - (-2 + q - -5). Suppose -i*b + 201 = -5*b. Is b a composite number?
False
Let t be -4*((-19)/(-4) + -3). Let r be (-2)/t + 7445/35. Suppose 2*s + z - r = 0, 3*z - 39 = -s + 55. Is s prime?
True
Suppose 6*k + 3 = 3*k, -2*t - 5*k + 833 = 0. Is t + 0/(-6 - -4) composite?
False
Let y(z) = -671*z + 9. Let o(f) = 670*f - 9. Let b(r) = 5*o(r) + 6*y(r). Is b(-10) a composite number?
True
Let y(a) = -a**2 + 2*a + 1. Let x be y(2). Suppose x + 7 = 2*s. Suppose -845 = -s*n - n. Is n composite?
True
Let g(k) = -k**3 - 19*k**2 + 31*k - 48. Is g(-25) a prime number?
True
Is 2/(-3) - (-275655)/153 a prime number?
True
Let m = -23076 - -51979. Is m composite?
True
Let m be (-10)/(-15)*-6 + 103. Let n be (-16348)/(-11) - 18/m. Suppose -h - h = -n. Is h composite?
False
Let o(m) = m**3 - 6*m**2 - 7*m + 4. Let f = 7 + 0. Let g be o(f). Suppose 0 = 2*u + g*z - 374, 3*z = -0*z. Is u prime?
False
Suppose 8*f - 320042 = -26*f. Is f prime?
True
Suppose 112*c - 116*c + 80924 = 0. Is c a prime number?
True
Let n be (-7)/(-4)*(-16)/4. Let p(d) = d**3 + 6*d**2 - 7*d. Let w be p(n). Suppose 3*h - 235 - 188 = w. Is h a prime number?
False
Let h(q) be the third derivative of q**6/120 - 7*q**5/60 + 7*q**4/24 - 5*q**2. Let c be h(6). Let o = 53 - c. Is o composite?
False
Let a be (-1 + 0 + 1)/(-1). Let m = -1280 - -1472. Suppose 3*s = -k + 1350, a = 2*s - 2*k + m - 1084. Is s composite?
False
Suppose -4*g = 5*v - 5030, -639 = 2*v - 3*g - 2651. Suppose 3*b = -5*w + v, -5*b + w = 6*w - 1680. Is b a composite number?
False
Let y = 6280 - -451. Is y composite?
True
Suppose 5135 = -9*r + 14*r. Is r composite?
True
Suppose 0 = -3*n + 4*v + 22, 2 = 2*v + 10. Suppose -2*y + 2*b = -n, -3*y + 6*y - b = 11. Suppose 0 = -y*f + 5*z + 370, 4*z = -0*z + 20. Is f prime?
True
Let j(t) = 6*t**2 - 15*t + 4. Is j(-27) a prime number?
True
Let z(o) be the second derivative of 0 - 1/20*o**5 - 6*o + 1/12*o**4 + 185/2*o**2 + 1/6*o**3. Is z(0) prime?
False
Suppose 9*x + 0*x - 2961 = 0. Is x composite?
True
Let z(b) = 2820*b - 1493. Is z(6) a prime number?
True
Suppose -8*k - 25061 = -78157. Is k composite?
False
Let y(v) = -v**2 + 4*v - 6. Let j be y(4). Let l = -16 - j. Is 166/((-4)/l + 0) a composite number?
True
Let b = -27 - -20. Let q(c) = 14*c**2 + 4*c + 13. Let x(g) = 27*g**2 + 7*g + 25. Let h(w) = b*q(w) + 4*x(w). Is h(-10) composite?
False
Suppose 4*g - 10145 + 1821 = 0. Is g a prime number?
True
Suppose 4*b - 3 = 5*w + 3, -w - b + 6 = 0. Suppose 0 = w*o + o - 5133. Is o composite?
True
Suppose -2*u + 6*u = 16. Suppose -12838 + 3059 = -11*b. Suppose -b = -5*h + u*h. Is h a composite number?
True
Let l be ((-204)/(-9))/((-2)/(-165)). Suppose n - l = -4*n. Suppose f - 3*f = -n. Is f a composite number?
True
Is (-1460 + -5)*(-4)/10 a composite number?
True
Let v be -4 + 9/3 + -3. Is 2*((-182)/(-4) + v) a prime number?
True
Is 8612/(-24)*(0 + -2)*15 a composite number?
True
Let z(t) = -1030*t**3 - 3*t**2 - 4*t + 1. Let w be z(-3). Suppose 5*r + 2*j - 34751 = 0, 0 = 4*r + 6*j - 2*j - w. Is (1/(-3))/((-7)/r) composite?
False
Let n be 6/4 + 2/((-12)/(-5673)). Suppose -3*j + 3*w + 957 = 0, n = 3*j - 3*w + 5*w. Is j composite?
False
Suppose 0 = -7*b + 113403 - 33526. Is b a prime number?
True
Let s = -13 - -15. Suppose 3*p + 12 = 0, j = -s*p + 7*p + 661. Is j prime?
True
Let d = 889 - 476. Is d prime?
False
Let t(f) = 2*f - 12. Let c be t(9). Let b = c + 17. Is b*-1*(-10 - 1) a composite number?
True
Is 15/20 + (-17266)/(-8) composite?
True
Suppose -89735 - 16826 = -13*i. Is i prime?
False
Suppose 0 = 4*u + j - 10, -3*j - 4 = 4*u - 10. Suppose s + u*y = 344, 9*s + y = 4*s + 1734. Is s a composite number?
False
Suppose -4*v - 2*v = -v. Let f = 31 + v. Is f a composite number?
False
Let c(t) = 15*t**2 + 13*t - 79. Is c(15) composite?
False
Suppose 2 - 22 = 4*i, -5*p = -2*i - 20. Suppose p*k + s = 221, -107 = -2*k + k - 4*s. Is k composite?
True
Let d(p) = 3*p**2 - 2*p - 6. Let i be d(-12). Suppose -1766 = -3*l + 2*n - 417, l - n - i = 0. Is l a prime number?
True
Let c be (0/(4 - 0))/(-2). Suppose v - 7*j + 3*j = 1713, 2*v - j - 3391 = c. Is v a prime number?
True
Let z = 14 - 14. Suppose -y = 4*a + 21, z*a - 31 = 4*a + 3*y. Is a/(-8) - (-3172)/8 prime?
True
Is ((-938625)/(-525))/(1/7) a composite number?
True
Is -23 - -20 - -10782*3 composite?
True
Let n(l) = 13*l**2 - 11*l + 1. Let w be n(3). Suppose -89 = -h - 0*g + 3*g, h = 5*g + w. Is h a prime number?
False
Let c(g) = 106*g + 4. Let p(w) = w**2 - w - 7. Let r be p(4). Let x be c(r). Let z = -181 + x. Is z a composite number?
False
Let v(a) = 40*a**3 - a**2 - a + 2. Let s be v(2). Suppose -2*o + 21 = -3*f, -2*o - 2*f + 6 - 10 = 0. Suppose -o*r + 155 = -s. Is r prime?
True
Suppose -4*k - 8844 = -4*u, 4*u - 10228 + 1419 = -3*k. Is u prime?
False
Let i = 314 + -123. Is i a composite number?
False
Let f be (-48152)/(-3) + 13/39. Suppose -6*d - d = -f. Is d a prime number?
True
Let k = 0 - -3. Suppose k*i - 161 + 17 = 0. Suppose 2*u - 11 = -z, 4*u + 17 - i = -5*z. Is z a prime number?
True
Suppose 1196 = 2*o + 5*y, -5*o + 3032 = 3*y - y. Suppose -o = -2*h + 278. Is h a composite number?
False
Let l(y) = -35*y**3 + 7*y**2 + 5*y - 23. Is l(-5) a prime number?
False
Let c(z) = 656*z - 6. Let w be c(5). Let q = -87 + 21. Is w/22 + (-12)/q prime?
True
Let v = 63510 - 36407. Is v a prime number?
True
Let a(s) = -s**3 + s**2 + 185. Let r = 8 + -4. Suppose -15 = 5*f - 5*j, -r*f - 3*j + 6 = -3. Is a(f) a composite number?
True
Is -1*(-37592)/(11 - 3) a prime number